{"id":3765,"date":"2022-09-28T14:22:31","date_gmt":"2022-09-28T14:22:31","guid":{"rendered":"https:\/\/supermegaplus.com\/WordPress3\/?page_id=3765"},"modified":"2022-09-29T15:50:48","modified_gmt":"2022-09-29T15:50:48","slug":"la-journee-des-30-ans-de-mariage","status":"publish","type":"page","link":"https:\/\/supermegaplus.com\/WordPress3\/?page_id=3765","title":{"rendered":"La journ\u00e9e des 30 ans de mariage"},"content":{"rendered":"\n<p>La journ\u00e9e s&rsquo;est d\u00e9roul\u00e9e en plusieurs partie :<\/p>\n\n\n\n<p><\/p>\n\n\n\n<p>Jean nous a rejoint en v\u00e9lo depuis la gare de Mer.<\/p>\n\n\n<div class=\"wp-block-image\">\n<figure class=\"aligncenter size-large is-resized\"><a href=\"https:\/\/supermegaplus.com\/WordPress3\/wp-content\/uploads\/2022\/09\/20220924_130014_w0144.jpg\"><img decoding=\"async\" loading=\"lazy\" src=\"https:\/\/supermegaplus.com\/WordPress3\/wp-content\/uploads\/2022\/09\/20220924_130014_w0144-768x1024.jpg\" alt=\"\" class=\"wp-image-3767\" width=\"239\" height=\"318\" srcset=\"https:\/\/supermegaplus.com\/WordPress3\/wp-content\/uploads\/2022\/09\/20220924_130014_w0144-768x1024.jpg 768w, https:\/\/supermegaplus.com\/WordPress3\/wp-content\/uploads\/2022\/09\/20220924_130014_w0144-225x300.jpg 225w, https:\/\/supermegaplus.com\/WordPress3\/wp-content\/uploads\/2022\/09\/20220924_130014_w0144.jpg 960w\" sizes=\"(max-width: 239px) 100vw, 239px\" \/><\/a><\/figure><\/div>\n\n\n<ul><li>12h30 : <a href=\"https:\/\/supermegaplus.com\/WordPress3\/?p=3763\" data-type=\"post\" data-id=\"3763\" target=\"_blank\" rel=\"noreferrer noopener\">pr\u00e9sentation du traiteur<\/a><\/li><li>13h00 : <a href=\"https:\/\/supermegaplus.com\/WordPress3\/?p=3786\" data-type=\"post\" data-id=\"3786\" target=\"_blank\" rel=\"noreferrer noopener\">Cocktail<\/a><\/li><li>14h00 : <a href=\"https:\/\/supermegaplus.com\/WordPress3\/?p=4001\" data-type=\"post\" data-id=\"4001\" target=\"_blank\" rel=\"noreferrer noopener\">Portraits de chacun<\/a><\/li><li>15h00 : <a href=\"https:\/\/supermegaplus.com\/WordPress3\/?p=4100\" data-type=\"post\" data-id=\"4100\" target=\"_blank\" rel=\"noreferrer noopener\">Accueil d\u00e9jeuner<\/a><\/li><li>15h30 : <a href=\"https:\/\/supermegaplus.com\/WordPress3\/?p=4121\" data-type=\"post\" data-id=\"4121\" target=\"_blank\" rel=\"noreferrer noopener\">D\u00e9jeuner plat<\/a><\/li><li>16:00 : <a href=\"https:\/\/supermegaplus.com\/WordPress3\/?p=4180\" data-type=\"post\" data-id=\"4180\" target=\"_blank\" rel=\"noreferrer noopener\">Antoine pr\u00e9sente ses 30 ans de mariage en magie<\/a><\/li><li>16h30 : <a href=\"https:\/\/supermegaplus.com\/WordPress3\/?p=4203\" data-type=\"post\" data-id=\"4203\" target=\"_blank\" rel=\"noreferrer noopener\">Anne-france pr\u00e9sente son mari<\/a><\/li><li>16h45 : <a href=\"https:\/\/supermegaplus.com\/WordPress3\/?p=4220\" data-type=\"post\" data-id=\"4220\" target=\"_blank\" rel=\"noreferrer noopener\">C\u00e9cile parle du sens de la famille<\/a><\/li><li>17h30 : <a href=\"https:\/\/supermegaplus.com\/WordPress3\/?p=4287\" data-type=\"post\" data-id=\"4287\" target=\"_blank\" rel=\"noreferrer noopener\">il est temps de prendre l&rsquo;air<\/a><\/li><li>19h30 : <a href=\"https:\/\/supermegaplus.com\/WordPress3\/?p=4328\" data-type=\"post\" data-id=\"4328\" target=\"_blank\" rel=\"noreferrer noopener\">Ap\u00e9ro concert<\/a><\/li><li>21h00 : <a href=\"https:\/\/supermegaplus.com\/WordPress3\/?p=4377\" data-type=\"post\" data-id=\"4377\" target=\"_blank\" rel=\"noreferrer noopener\">Antoine fait son spectacle de magie<\/a><\/li><li>21h30 : <a href=\"https:\/\/supermegaplus.com\/WordPress3\/?p=4384\" data-type=\"post\" data-id=\"4384\" target=\"_blank\" rel=\"noreferrer noopener\">Animations musicales (partie 1)<\/a><\/li><li>22h30 : <a href=\"https:\/\/supermegaplus.com\/WordPress3\/?p=4403\" data-type=\"post\" data-id=\"4403\" target=\"_blank\" rel=\"noreferrer noopener\">Sketche enfants Bardoux<\/a><\/li><li>23h00 : <a href=\"https:\/\/supermegaplus.com\/WordPress3\/?p=4426\" data-type=\"post\" data-id=\"4426\" target=\"_blank\" rel=\"noreferrer noopener\">Animations musicales (Partie 2)<\/a><\/li><li>23h50 : <a href=\"https:\/\/supermegaplus.com\/WordPress3\/?p=4463\" data-type=\"post\" data-id=\"4463\" target=\"_blank\" rel=\"noreferrer noopener\">Soir\u00e9e dansante<\/a><\/li><\/ul>\n\n\n\n<p><\/p>\n","protected":false},"excerpt":{"rendered":"<p>La journ\u00e9e s&rsquo;est d\u00e9roul\u00e9e en plusieurs partie : Jean nous a rejoint en v\u00e9lo depuis la gare de Mer. 12h30 : pr\u00e9sentation du traiteur 13h00 : Cocktail 14h00 : Portraits de chacun 15h00 : Accueil d\u00e9jeuner 15h30 : D\u00e9jeuner plat 16:00 : Antoine pr\u00e9sente ses 30 ans de mariage en magie 16h30 : Anne-france pr\u00e9sente &hellip; <a href=\"https:\/\/supermegaplus.com\/WordPress3\/?page_id=3765\" class=\"more-link\">Continuer la lecture de <span class=\"screen-reader-text\">La journ\u00e9e des 30 ans de mariage<\/span>  <span class=\"meta-nav\">&rarr;<\/span><\/a><\/p>\n","protected":false},"author":2,"featured_media":0,"parent":3669,"menu_order":2,"comment_status":"closed","ping_status":"closed","template":"","meta":{"footnotes":""},"_links":{"self":[{"href":"https:\/\/supermegaplus.com\/WordPress3\/index.php?rest_route=\/wp\/v2\/pages\/3765"}],"collection":[{"href":"https:\/\/supermegaplus.com\/WordPress3\/index.php?rest_route=\/wp\/v2\/pages"}],"about":[{"href":"https:\/\/supermegaplus.com\/WordPress3\/index.php?rest_route=\/wp\/v2\/types\/page"}],"author":[{"embeddable":true,"href":"https:\/\/supermegaplus.com\/WordPress3\/index.php?rest_route=\/wp\/v2\/users\/2"}],"replies":[{"embeddable":true,"href":"https:\/\/supermegaplus.com\/WordPress3\/index.php?rest_route=%2Fwp%2Fv2%2Fcomments&post=3765"}],"version-history":[{"count":10,"href":"https:\/\/supermegaplus.com\/WordPress3\/index.php?rest_route=\/wp\/v2\/pages\/3765\/revisions"}],"predecessor-version":[{"id":4534,"href":"https:\/\/supermegaplus.com\/WordPress3\/index.php?rest_route=\/wp\/v2\/pages\/3765\/revisions\/4534"}],"up":[{"embeddable":true,"href":"https:\/\/supermegaplus.com\/WordPress3\/index.php?rest_route=\/wp\/v2\/pages\/3669"}],"wp:attachment":[{"href":"https:\/\/supermegaplus.com\/WordPress3\/index.php?rest_route=%2Fwp%2Fv2%2Fmedia&parent=3765"}],"curies":[{"name":"wp","href":"https:\/\/api.w.org\/{rel}","templated":true}]}}