{"id":3667,"date":"2022-09-28T13:27:26","date_gmt":"2022-09-28T13:27:26","guid":{"rendered":"https:\/\/supermegaplus.com\/WordPress3\/?page_id=3667"},"modified":"2023-06-09T13:38:36","modified_gmt":"2023-06-09T13:38:36","slug":"voyage-dans-les-cinque-terre-italie","status":"publish","type":"page","link":"https:\/\/supermegaplus.com\/WordPress3\/?page_id=3667","title":{"rendered":"Voyage dans les cinque terre (Italie)"},"content":{"rendered":"\n<p>Nos vacances 2022 , on \u00e9t\u00e9 r\u00e9parties en 2 phases, une premi\u00e8re phase de montagne car nous \u00e9tions a Notre-Dame de Bellecombe pendant deux semaines puis une semaine suppl\u00e9mentaire en Italie pour visiter les Cinque Terre.<\/p>\n\n\n\n<p>C&rsquo;est en voiture que nous nous sommes rendus \u00e0 la Spezia apr\u00e8s une r\u00e9servation via booking. C&rsquo;est \u00e0 100 km  au sud de G\u00eanes. Les autoroutes sont gratuites, et il y avait peu de monde sur la route, ce n&rsquo;est pas du tout la cote d&rsquo;azur. Il faut dire qu&rsquo;il y a peu de plages donc peu de stations baln\u00e9aires.<\/p>\n\n\n\n<p>Nous avons choisi de loger a La Spezia qui est la plus grande ville aux abords des cinque Terre.<\/p>\n\n\n\n<p>Nous avions donc r\u00e9serv\u00e9 un appartement pr\u00e8s du port de La Spezia en plein c\u0153ur de la ville du 20 au 24 aout 2022 : Via Alfredo Cappellini 3, 19121 La Spezia, Italie.<\/p>\n\n\n\n<figure class=\"wp-block-image size-full\"><a href=\"https:\/\/supermegaplus.com\/WordPress3\/wp-content\/uploads\/2023\/06\/image.png\"><img decoding=\"async\" loading=\"lazy\" width=\"1000\" height=\"220\" src=\"https:\/\/supermegaplus.com\/WordPress3\/wp-content\/uploads\/2023\/06\/image.png\" alt=\"\" class=\"wp-image-4551\" srcset=\"https:\/\/supermegaplus.com\/WordPress3\/wp-content\/uploads\/2023\/06\/image.png 1000w, https:\/\/supermegaplus.com\/WordPress3\/wp-content\/uploads\/2023\/06\/image-300x66.png 300w, https:\/\/supermegaplus.com\/WordPress3\/wp-content\/uploads\/2023\/06\/image-768x169.png 768w\" sizes=\"(max-width: 1000px) 100vw, 1000px\" \/><\/a><\/figure>\n\n\n\n<p>L&rsquo;appartement \u00e9tait tr\u00e8s sympathique avec une chambre et une salle \u00e0 manger cuisine:<\/p>\n\n\n\n<figure class=\"wp-block-image size-full\"><a href=\"https:\/\/supermegaplus.com\/WordPress3\/wp-content\/uploads\/2023\/06\/image-3.png\"><img decoding=\"async\" loading=\"lazy\" width=\"452\" height=\"768\" src=\"https:\/\/supermegaplus.com\/WordPress3\/wp-content\/uploads\/2023\/06\/image-3.png\" alt=\"\" class=\"wp-image-4554\" srcset=\"https:\/\/supermegaplus.com\/WordPress3\/wp-content\/uploads\/2023\/06\/image-3.png 452w, https:\/\/supermegaplus.com\/WordPress3\/wp-content\/uploads\/2023\/06\/image-3-177x300.png 177w\" sizes=\"(max-width: 452px) 100vw, 452px\" \/><\/a><\/figure>\n\n\n\n<figure class=\"wp-block-image size-full\"><a href=\"https:\/\/supermegaplus.com\/WordPress3\/wp-content\/uploads\/2023\/06\/image-2.png\"><img decoding=\"async\" loading=\"lazy\" width=\"1024\" height=\"498\" src=\"https:\/\/supermegaplus.com\/WordPress3\/wp-content\/uploads\/2023\/06\/image-2.png\" alt=\"\" class=\"wp-image-4553\" srcset=\"https:\/\/supermegaplus.com\/WordPress3\/wp-content\/uploads\/2023\/06\/image-2.png 1024w, https:\/\/supermegaplus.com\/WordPress3\/wp-content\/uploads\/2023\/06\/image-2-300x146.png 300w, https:\/\/supermegaplus.com\/WordPress3\/wp-content\/uploads\/2023\/06\/image-2-768x374.png 768w\" sizes=\"(max-width: 1024px) 100vw, 1024px\" \/><\/a><\/figure>\n\n\n\n<p>Nous avions d\u00e9cid\u00e9 de faire les villages en 2 jours puis de visiter la pointe des cinque Terre : Porto Venere.<\/p>\n\n\n\n<p><\/p>\n\n\n\n<p><a href=\"https:\/\/supermegaplus.com\/WordPress3\/?p=4558\" data-type=\"post\" data-id=\"4558\">21\/08\/2022 : 3 villages<\/a><\/p>\n\n\n\n<p><a href=\"https:\/\/supermegaplus.com\/WordPress3\/?p=4642\" data-type=\"post\" data-id=\"4642\">22\/08\/2022 : 2 villages<\/a><\/p>\n\n\n\n<p><a href=\"https:\/\/supermegaplus.com\/WordPress3\/?p=4645\" data-type=\"post\" data-id=\"4645\">23\/08\/2022 : Porto Venere<\/a><\/p>\n\n\n\n<p><\/p>\n\n\n\n<p><\/p>\n\n\n\n<p>Ce voyage en Italie \u00e9tait un vrai bonheur.<\/p>\n\n\n\n<p>Il faut dire que l&rsquo;Italie , c&rsquo;est beau et on y mange bien.<\/p>\n","protected":false},"excerpt":{"rendered":"<p>Nos vacances 2022 , on \u00e9t\u00e9 r\u00e9parties en 2 phases, une premi\u00e8re phase de montagne car nous \u00e9tions a Notre-Dame de Bellecombe pendant deux semaines puis une semaine suppl\u00e9mentaire en Italie pour visiter les Cinque Terre. C&rsquo;est en voiture que nous nous sommes rendus \u00e0 la Spezia apr\u00e8s une r\u00e9servation via booking. C&rsquo;est \u00e0 100 &hellip; <a href=\"https:\/\/supermegaplus.com\/WordPress3\/?page_id=3667\" class=\"more-link\">Continuer la lecture de <span class=\"screen-reader-text\">Voyage dans les cinque terre (Italie)<\/span>  <span class=\"meta-nav\">&rarr;<\/span><\/a><\/p>\n","protected":false},"author":2,"featured_media":0,"parent":3197,"menu_order":0,"comment_status":"closed","ping_status":"closed","template":"","meta":{"footnotes":""},"_links":{"self":[{"href":"https:\/\/supermegaplus.com\/WordPress3\/index.php?rest_route=\/wp\/v2\/pages\/3667"}],"collection":[{"href":"https:\/\/supermegaplus.com\/WordPress3\/index.php?rest_route=\/wp\/v2\/pages"}],"about":[{"href":"https:\/\/supermegaplus.com\/WordPress3\/index.php?rest_route=\/wp\/v2\/types\/page"}],"author":[{"embeddable":true,"href":"https:\/\/supermegaplus.com\/WordPress3\/index.php?rest_route=\/wp\/v2\/users\/2"}],"replies":[{"embeddable":true,"href":"https:\/\/supermegaplus.com\/WordPress3\/index.php?rest_route=%2Fwp%2Fv2%2Fcomments&post=3667"}],"version-history":[{"count":6,"href":"https:\/\/supermegaplus.com\/WordPress3\/index.php?rest_route=\/wp\/v2\/pages\/3667\/revisions"}],"predecessor-version":[{"id":4648,"href":"https:\/\/supermegaplus.com\/WordPress3\/index.php?rest_route=\/wp\/v2\/pages\/3667\/revisions\/4648"}],"up":[{"embeddable":true,"href":"https:\/\/supermegaplus.com\/WordPress3\/index.php?rest_route=\/wp\/v2\/pages\/3197"}],"wp:attachment":[{"href":"https:\/\/supermegaplus.com\/WordPress3\/index.php?rest_route=%2Fwp%2Fv2%2Fmedia&parent=3667"}],"curies":[{"name":"wp","href":"https:\/\/api.w.org\/{rel}","templated":true}]}}