{"id":3199,"date":"2022-06-12T20:27:21","date_gmt":"2022-06-12T20:27:21","guid":{"rendered":"https:\/\/supermegaplus.com\/WordPress3\/?page_id=3199"},"modified":"2022-06-27T08:10:20","modified_gmt":"2022-06-27T08:10:20","slug":"crete-du-31-05-2022-au-12-06-2022","status":"publish","type":"page","link":"https:\/\/supermegaplus.com\/WordPress3\/?page_id=3199","title":{"rendered":"Voyage en Cr\u00eate (juin 2022)"},"content":{"rendered":"\n<p>Nous avons choisi la cr\u00eate comme premier voyage post-confinement.<\/p>\n\n\n\n<p>Pourquoi la cr\u00eate, et bien cela faisait longtemps que nous voulions d\u00e9couvrir la gr\u00e8ce et ses eaux bleues ainsi que le mode de vie \u00ab\u00a0r\u00e9gime cr\u00e9tois\u00a0\u00bb.<\/p>\n\n\n\n<p>Nous avons donc r\u00e9serv\u00e9 sur Expedia pour le vol et la voiture et sur Booking pour les h\u00f4tels ou appartements.<\/p>\n\n\n\n<p>Nous sommes tr\u00e8s contents de notre voyage qui a dur\u00e9 12 jours.<\/p>\n\n\n\n<p>Nous n&rsquo;avons rencontr\u00e9 aucun probl\u00e8me dans nos r\u00e9servations. cela fait le quatri\u00e8me voyage de suite sans surprise. Nous \u00e9tions attendu partout et les logements \u00e9taient conformes voir au del\u00e0 de nos attentes.<\/p>\n\n\n\n<p>voici le circuit que nous avons fait :<\/p>\n\n\n<div class=\"wp-block-image\">\n<figure class=\"aligncenter size-full\"><a href=\"https:\/\/supermegaplus.com\/WordPress3\/wp-content\/uploads\/2022\/06\/crete.jpg\"><img decoding=\"async\" loading=\"lazy\" width=\"931\" height=\"362\" src=\"https:\/\/supermegaplus.com\/WordPress3\/wp-content\/uploads\/2022\/06\/crete.jpg\" alt=\"\" class=\"wp-image-3639\" srcset=\"https:\/\/supermegaplus.com\/WordPress3\/wp-content\/uploads\/2022\/06\/crete.jpg 931w, https:\/\/supermegaplus.com\/WordPress3\/wp-content\/uploads\/2022\/06\/crete-300x117.jpg 300w, https:\/\/supermegaplus.com\/WordPress3\/wp-content\/uploads\/2022\/06\/crete-768x299.jpg 768w\" sizes=\"(max-width: 931px) 100vw, 931px\" \/><\/a><\/figure><\/div>\n\n\n<figure class=\"wp-block-gallery has-nested-images columns-default is-cropped wp-block-gallery-1 is-layout-flex wp-block-gallery-is-layout-flex\"><\/figure>\n\n\n\n<p>Jour 1 : <a href=\"https:\/\/supermegaplus.com\/WordPress3\/?p=3489\" data-type=\"URL\" data-id=\"https:\/\/supermegaplus.com\/WordPress3\/?p=3489\" target=\"_blank\" rel=\"noreferrer noopener\">Arriv\u00e9e Heraklion et Malia<\/a><\/p>\n\n\n\n<p>Jour 2 :  <a href=\"https:\/\/supermegaplus.com\/WordPress3\/?p=3492&amp;\" data-type=\"URL\" data-id=\"https:\/\/supermegaplus.com\/WordPress3\/?p=3492&amp;\" target=\"_blank\" rel=\"noreferrer noopener\">Grotte de Psychro et Le plateau de Lathiss<\/a>i<\/p>\n\n\n\n<p>Jour 3 : <a href=\"https:\/\/supermegaplus.com\/WordPress3\/?p=3495\" target=\"_blank\" rel=\"noreferrer noopener\">Matala<\/a><\/p>\n\n\n\n<p>Jour 4 : <a href=\"https:\/\/supermegaplus.com\/WordPress3\/?p=3505\" target=\"_blank\" rel=\"noreferrer noopener\">Phaestos et le gorge de Rovas<\/a><\/p>\n\n\n\n<p>Jour 5 : <a href=\"https:\/\/supermegaplus.com\/WordPress3\/?p=3507\" target=\"_blank\" rel=\"noreferrer noopener\">Rethymon, la forteresse et le port phenicien<\/a><\/p>\n\n\n\n<p>Jour 6 : <a href=\"https:\/\/supermegaplus.com\/WordPress3\/?p=3511\" target=\"_blank\" rel=\"noreferrer noopener\">Plakias, Selia et Preveli<\/a><\/p>\n\n\n\n<p>Jour 7 : <a href=\"https:\/\/supermegaplus.com\/WordPress3\/?p=3514\" data-type=\"URL\" data-id=\"https:\/\/supermegaplus.com\/WordPress3\/?p=3514\" target=\"_blank\" rel=\"noreferrer noopener\">La can\u00e9e (Chania)  et la vieille ville<\/a><\/p>\n\n\n\n<p>Jour 8 : <a href=\"https:\/\/supermegaplus.com\/WordPress3\/?p=3516\" data-type=\"URL\" data-id=\"https:\/\/supermegaplus.com\/WordPress3\/?p=3516\" target=\"_blank\" rel=\"noreferrer noopener\">Le lagon de Balos et l&rsquo;ile de Gramvoussa<\/a><\/p>\n\n\n\n<p>Jour 9 : <a href=\"https:\/\/supermegaplus.com\/WordPress3\/?p=3518\" data-type=\"URL\" data-id=\"https:\/\/supermegaplus.com\/WordPress3\/?p=3518\" target=\"_blank\" rel=\"noreferrer noopener\">Les Gorges de Samaria<\/a><\/p>\n\n\n\n<p>Jour 10 : <a href=\"https:\/\/supermegaplus.com\/WordPress3\/?p=3524\" data-type=\"URL\" data-id=\"https:\/\/supermegaplus.com\/WordPress3\/?p=3524\" target=\"_blank\" rel=\"noreferrer noopener\">Phalassarna, Stavros et Agia Triada<\/a><\/p>\n\n\n\n<p>Jour 11 : <a href=\"https:\/\/supermegaplus.com\/WordPress3\/?p=3526\" data-type=\"URL\" data-id=\"https:\/\/supermegaplus.com\/WordPress3\/?p=3526\" target=\"_blank\" rel=\"noreferrer noopener\">Agia Pelagia<\/a><\/p>\n\n\n\n<p>Jour 12 : <a href=\"https:\/\/supermegaplus.com\/WordPress3\/?p=3528\" data-type=\"URL\" data-id=\"https:\/\/supermegaplus.com\/WordPress3\/?p=3528\" target=\"_blank\" rel=\"noreferrer noopener\">Knossos et retour Paris<\/a><\/p>\n\n\n\n<p>Globalement nous sommes ravis de notre s\u00e9jour en cr\u00e8te, les paysages sont sublimes, il y a beaucoup de montagnes qui sont encore enneig\u00e9es en juin.<\/p>\n\n\n\n<p>Il y fait toujours beau, entre 25 et 35\u00b0 au printemps jusqu&rsquo;en Automne.<\/p>\n\n\n\n<p>La vie n&rsquo;est pas ch\u00e8re, on peut manger facilement pour 15 euros a deux (en snack) pour un restaurant compter 25 euros en moyenne pour deux.<\/p>\n\n\n\n<p>Il y a aussi des restaurants beaucoup plus chers.<\/p>\n\n\n\n<p>On y mange vraiment tr\u00e8s bien, les salades grecques, et moussaka sont des plats que l&rsquo;on trouve partout.<\/p>\n\n\n\n<p>Le logement nous a cout\u00e9 entre 30 euros et 120 euros par nuit mais avec une moyenne autour de 60 euros et on a eu des appartements tr\u00e8s spacieux ou confortables avec piscine. Celui a 30 euros \u00e9tait vraiment tr\u00e8s bien, avec deux piscines mais un petit peu excentr\u00e9.<\/p>\n\n\n\n<p>Le logement le plus cher, nous l&rsquo;avions r\u00e9serv\u00e9 pour notre derni\u00e8re nuit pr\u00e8s d&rsquo;H\u00e9raklion, et cet appartement \u00e9tait vraiment incroyable (petit-d\u00e9jeuner buffet compris).<\/p>\n\n\n\n<p>Le logement le moins bien \u00e9tait celui de kalamaki pr\u00e8s de Matala.  pour 50 euros, le logement \u00e9tait petit, sans piscine, et pas dans un endroit tr\u00e8s sexy. A cot\u00e9 de \u00e7a la propri\u00e9taire \u00e9tait adorable, et la plage \u00e0 100m. Mais je pense que l&rsquo;on peut trouver mieux dans le coin.<\/p>\n\n\n\n<p>Bizarrement c&rsquo;est l&rsquo;essence qui \u00e9tait ch\u00e8re, autour de 2,4 \u20ac le litre.<\/p>\n\n\n\n<p>Les v\u00eatements sont aussi tr\u00e8s abordables. Pour venir en cr\u00e8te, inutile d&rsquo;amener de pulls, blouson ou jeans, venez avec qq tee-shirts seulement et achetez sur place, tout est bon march\u00e9.<\/p>\n\n\n\n<p>Les gens sont tr\u00e8s sympas, aussi bien dans les locations que dans les restaurants.<\/p>\n\n\n\n<p>Tout le monde parle anglais, vu le nombre de touristes qui passent, il est donc assez facile de dialoguer avec les gens et de se faire comprendre<\/p>\n\n\n\n<p>Pour conduire, c&rsquo;est vraiment facile, nous avons fait a peu pr\u00e8s 800 kms pendant le s\u00e9jour, sans rencontrer aucun probl\u00e8me de bouchon. La conduite cr\u00e9toise est parfois d\u00e9routante car ils doublent la ou il y a une ligne blanche mais bon, on s&rsquo;y fait. Par contre, comme il y a beaucoup de montagnes, les moteurs des voitures souffrent (80% de l&rsquo;ile est montagneuse)<\/p>\n\n\n\n<p>Il y a des parkings partout, souvent gratuits et les h\u00f4tels ont en g\u00e9n\u00e9ral un parking priv\u00e9.<\/p>\n\n\n\n<p>il y a des restaurants partout m\u00eame dans les coins les plus recul\u00e9s. Globalement on sent bien que le tourisme fait marcher l&rsquo;ile. Les restaurant proposent souvent un dessert gratuit en fin de repas (fruit ou g\u00e2teau\/glace \u00e0 partager) ainsi qu&rsquo;une petite bouteille de Raki. (nous l&rsquo;avons trouv\u00e9 dans tous les restaurants en cr\u00e8te)<\/p>\n\n\n\n<p>Cot\u00e9 attractions, il y a beaucoup de choses a visiter:<\/p>\n\n\n\n<ul><li>des randonn\u00e9es en montagnes, gorges, chemins<\/li><li>des grottes<\/li><li>des villes ou villages<\/li><li>des plages sublimes<\/li><li>un peu de bati (monast\u00e8res, ports) mais quelques ruines (phaestos et Cnossos)<\/li><li>Quelques mus\u00e9es<\/li><\/ul>\n\n\n\n<p>L&rsquo;int\u00e9r\u00eat de l&rsquo;ile est surtout son climat et son mode de vie \u00ab\u00a0soleil\u00a0\u00bb, \u00ab\u00a0R\u00e9gime cr\u00e9tois\u00a0\u00bb, \u00ab\u00a0plages\u00a0\u00bb, \u00ab\u00a0randonn\u00e9es\u00a0\u00bb ainsi que des spots incroyables (montagnes ou mer)<\/p>\n\n\n\n<p><\/p>\n","protected":false},"excerpt":{"rendered":"<p>Nous avons choisi la cr\u00eate comme premier voyage post-confinement. Pourquoi la cr\u00eate, et bien cela faisait longtemps que nous voulions d\u00e9couvrir la gr\u00e8ce et ses eaux bleues ainsi que le mode de vie \u00ab\u00a0r\u00e9gime cr\u00e9tois\u00a0\u00bb. Nous avons donc r\u00e9serv\u00e9 sur Expedia pour le vol et la voiture et sur Booking pour les h\u00f4tels ou appartements. &hellip; <a href=\"https:\/\/supermegaplus.com\/WordPress3\/?page_id=3199\" class=\"more-link\">Continuer la lecture de <span class=\"screen-reader-text\">Voyage en Cr\u00eate (juin 2022)<\/span>  <span class=\"meta-nav\">&rarr;<\/span><\/a><\/p>\n","protected":false},"author":2,"featured_media":3561,"parent":3197,"menu_order":0,"comment_status":"closed","ping_status":"closed","template":"","meta":{"footnotes":""},"_links":{"self":[{"href":"https:\/\/supermegaplus.com\/WordPress3\/index.php?rest_route=\/wp\/v2\/pages\/3199"}],"collection":[{"href":"https:\/\/supermegaplus.com\/WordPress3\/index.php?rest_route=\/wp\/v2\/pages"}],"about":[{"href":"https:\/\/supermegaplus.com\/WordPress3\/index.php?rest_route=\/wp\/v2\/types\/page"}],"author":[{"embeddable":true,"href":"https:\/\/supermegaplus.com\/WordPress3\/index.php?rest_route=\/wp\/v2\/users\/2"}],"replies":[{"embeddable":true,"href":"https:\/\/supermegaplus.com\/WordPress3\/index.php?rest_route=%2Fwp%2Fv2%2Fcomments&post=3199"}],"version-history":[{"count":15,"href":"https:\/\/supermegaplus.com\/WordPress3\/index.php?rest_route=\/wp\/v2\/pages\/3199\/revisions"}],"predecessor-version":[{"id":3641,"href":"https:\/\/supermegaplus.com\/WordPress3\/index.php?rest_route=\/wp\/v2\/pages\/3199\/revisions\/3641"}],"up":[{"embeddable":true,"href":"https:\/\/supermegaplus.com\/WordPress3\/index.php?rest_route=\/wp\/v2\/pages\/3197"}],"wp:featuredmedia":[{"embeddable":true,"href":"https:\/\/supermegaplus.com\/WordPress3\/index.php?rest_route=\/wp\/v2\/media\/3561"}],"wp:attachment":[{"href":"https:\/\/supermegaplus.com\/WordPress3\/index.php?rest_route=%2Fwp%2Fv2%2Fmedia&parent=3199"}],"curies":[{"name":"wp","href":"https:\/\/api.w.org\/{rel}","templated":true}]}}